{"id":9735,"date":"2020-07-24T07:46:47","date_gmt":"2020-07-24T07:46:47","guid":{"rendered":"http:\/\/elementor.zozothemes.com\/wiguard\/blog-copy\/"},"modified":"2020-07-24T07:46:47","modified_gmt":"2020-07-24T07:46:47","slug":"blog-list-1","status":"publish","type":"page","link":"https:\/\/sprawnydom.pl\/index.php\/blog-list-1\/","title":{"rendered":"Blog List 1"},"content":{"rendered":"\t\t<div data-elementor-type=\"wp-page\" data-elementor-id=\"9735\" class=\"elementor elementor-9735\">\n\t\t\t\t\t\t<section class=\"elementor-section elementor-top-section elementor-element elementor-element-983fc41 elementor-section-stretched elementor-section-boxed elementor-section-height-default elementor-section-height-default\" data-id=\"983fc41\" data-element_type=\"section\" data-e-type=\"section\" data-settings=\"{&quot;stretch_section&quot;:&quot;section-stretched&quot;}\">\n\t\t\t\t\t\t<div class=\"elementor-container elementor-column-gap-default\">\n\t\t\t\t\t<div class=\"elementor-column elementor-col-100 elementor-top-column elementor-element elementor-element-c072b5b\" data-id=\"c072b5b\" data-element_type=\"column\" data-e-type=\"column\">\n\t\t\t<div class=\"elementor-widget-wrap elementor-element-populated\">\n\t\t\t\t\t\t<div class=\"elementor-element elementor-element-35186ae elementor-widget elementor-widget-wiguardblog\" data-id=\"35186ae\" data-element_type=\"widget\" data-e-type=\"widget\" data-widget_type=\"wiguardblog.default\">\n\t\t\t\t\r\n\t\t<div class=\"elementor-widget-container blog-wrapper blog-style-list blog-light blog-normal-model\" data-css=\"&quot;&quot;\">\r\n\t\t\r\n\t\t\t<div class=\"row\"><div class=\"col-lg-6 col-md-6\"><div class=\"blog-inner\"><div class=\"media\"><div class=\"post-thumb\"><img fetchpriority=\"high\" decoding=\"async\" width=\"1170\" height=\"694\" src=\"https:\/\/sprawnydom.pl\/wp-content\/uploads\/2023\/01\/Systemy-alarmowe-dla-domu-sprawny-dom-montaz-alarmow-w-Krakowie-1170x694.png\" class=\"img-fluid wp-post-image\" alt=\"\" srcset=\"https:\/\/sprawnydom.pl\/wp-content\/uploads\/2023\/01\/Systemy-alarmowe-dla-domu-sprawny-dom-montaz-alarmow-w-Krakowie-1170x694.png 1170w, https:\/\/sprawnydom.pl\/wp-content\/uploads\/2023\/01\/Systemy-alarmowe-dla-domu-sprawny-dom-montaz-alarmow-w-Krakowie-768x456.png 768w\" sizes=\"(max-width: 1170px) 100vw, 1170px\" \/><\/div><!-- .post-thumb --><div class=\"media-body\"><div class=\"entry-title\"><h5 class=\"post-title-head\"><a href=\"https:\/\/sprawnydom.pl\/index.php\/2023\/01\/05\/alarm-czyli-jak-uchronic-dom-przed-wlamaniem\/\" class=\"post-title\">Alarm, czyli jak uchroni\u0107 dom przed w\u0142amaniem<\/a><\/h5><\/div><!-- .entry-title --><div class=\"post-excerpt\"><p>Chc\u0105c podnie\u015b\u0107 bezpiecze\u0144stwo naszego domu, w tym w szczeg\u00f3lno\u015bci uchroni\u0107 go przed<\/p>\n<\/div><!-- .post-excerpt --><div class=\"bottom-meta clearfix\"><ul class=\"nav bottom-meta-list meta-left\"><li><div class=\"post-more\"><a class=\"read-more\" href=\"https:\/\/sprawnydom.pl\/index.php\/2023\/01\/05\/alarm-czyli-jak-uchronic-dom-przed-wlamaniem\/\">Read More<\/a><\/div><\/li><\/ul><\/div><\/div><!-- .media-body --><\/div><!-- .media --><\/div><!-- .blog-inner --><\/div><!-- .col \/ .owl-carousel-item \/ .isotope --><div class=\"col-lg-6 col-md-6\"><div class=\"blog-inner\"><div class=\"media\"><div class=\"post-thumb\"><img decoding=\"async\" width=\"1170\" height=\"694\" src=\"https:\/\/sprawnydom.pl\/wp-content\/uploads\/2023\/01\/Energooszczedne-ogrzewanie-domu-rekuperacja-sprawny-dom-montaz-rekuperacji-w-Krakowie-i-okolicach-e1681252236500-1170x694.png\" class=\"img-fluid wp-post-image\" alt=\"\" srcset=\"https:\/\/sprawnydom.pl\/wp-content\/uploads\/2023\/01\/Energooszczedne-ogrzewanie-domu-rekuperacja-sprawny-dom-montaz-rekuperacji-w-Krakowie-i-okolicach-e1681252236500-1170x694.png 1170w, https:\/\/sprawnydom.pl\/wp-content\/uploads\/2023\/01\/Energooszczedne-ogrzewanie-domu-rekuperacja-sprawny-dom-montaz-rekuperacji-w-Krakowie-i-okolicach-e1681252236500-768x456.png 768w\" sizes=\"(max-width: 1170px) 100vw, 1170px\" \/><\/div><!-- .post-thumb --><div class=\"media-body\"><div class=\"entry-title\"><h5 class=\"post-title-head\"><a href=\"https:\/\/sprawnydom.pl\/index.php\/2023\/01\/05\/rekuperacja-energooszczedne-ogrzewanie-dla-twojego-domu\/\" class=\"post-title\">Rekuperacja \u2013 energooszcz\u0119dne ogrzewanie dla Twojego domu<\/a><\/h5><\/div><!-- .entry-title --><div class=\"post-excerpt\"><p>Rekuperacja czyli wentylacja mechaniczna z odzyskiem ciep\u0142a to jedno z popularniejszych rozwi\u0105za\u0144<\/p>\n<\/div><!-- .post-excerpt --><div class=\"bottom-meta clearfix\"><ul class=\"nav bottom-meta-list meta-left\"><li><div class=\"post-more\"><a class=\"read-more\" href=\"https:\/\/sprawnydom.pl\/index.php\/2023\/01\/05\/rekuperacja-energooszczedne-ogrzewanie-dla-twojego-domu\/\">Read More<\/a><\/div><\/li><\/ul><\/div><\/div><!-- .media-body --><\/div><!-- .media --><\/div><!-- .blog-inner --><\/div><!-- .col \/ .owl-carousel-item \/ .isotope --><\/div><!-- .row --><div class=\"row\"><div class=\"col-lg-6 col-md-6\"><div class=\"blog-inner\"><div class=\"media\"><div class=\"post-thumb\"><img decoding=\"async\" width=\"1170\" height=\"694\" src=\"https:\/\/sprawnydom.pl\/wp-content\/uploads\/2023\/01\/Klimatyzacja-dla-domu-sprawny-dom-montaz-klimatyzacji-Krakow-1170x694.png\" class=\"img-fluid wp-post-image\" alt=\"\" srcset=\"https:\/\/sprawnydom.pl\/wp-content\/uploads\/2023\/01\/Klimatyzacja-dla-domu-sprawny-dom-montaz-klimatyzacji-Krakow-1170x694.png 1170w, https:\/\/sprawnydom.pl\/wp-content\/uploads\/2023\/01\/Klimatyzacja-dla-domu-sprawny-dom-montaz-klimatyzacji-Krakow-768x456.png 768w\" sizes=\"(max-width: 1170px) 100vw, 1170px\" \/><\/div><!-- .post-thumb --><div class=\"media-body\"><div class=\"entry-title\"><h5 class=\"post-title-head\"><a href=\"https:\/\/sprawnydom.pl\/index.php\/2023\/01\/05\/co-warto-wiedziec-o-klimatyzacji-domu\/\" class=\"post-title\">Co warto wiedzie\u0107 o klimatyzacji domu?<\/a><\/h5><\/div><!-- .entry-title --><div class=\"post-excerpt\"><p>Klimatyzacja to jedno z rozwi\u0105za\u0144, kt\u00f3re zyska\u0142o ogromn\u0105 popularno\u015b\u0107 zar\u00f3wno w biurach,<\/p>\n<\/div><!-- .post-excerpt --><div class=\"bottom-meta clearfix\"><ul class=\"nav bottom-meta-list meta-left\"><li><div class=\"post-more\"><a class=\"read-more\" href=\"https:\/\/sprawnydom.pl\/index.php\/2023\/01\/05\/co-warto-wiedziec-o-klimatyzacji-domu\/\">Read More<\/a><\/div><\/li><\/ul><\/div><\/div><!-- .media-body --><\/div><!-- .media --><\/div><!-- .blog-inner --><\/div><!-- .col \/ .owl-carousel-item \/ .isotope --><\/div><!-- .row -->\t\t\t\r\n\t\t<\/div>\r\n\t\t\t\t<\/div>\n\t\t\t\t\t<\/div>\n\t\t<\/div>\n\t\t\t\t\t<\/div>\n\t\t<\/section>\n\t\t\t\t<\/div>\n\t\t","protected":false},"excerpt":{"rendered":"<p>We Need to Rent a Room For Our Party Lorem Ipsum is<\/p>\n","protected":false},"author":1,"featured_media":0,"parent":0,"menu_order":0,"comment_status":"closed","ping_status":"closed","template":"","meta":{"footnotes":""},"class_list":["post-9735","page","type-page","status-publish","hentry"],"_links":{"self":[{"href":"https:\/\/sprawnydom.pl\/index.php\/wp-json\/wp\/v2\/pages\/9735","targetHints":{"allow":["GET"]}}],"collection":[{"href":"https:\/\/sprawnydom.pl\/index.php\/wp-json\/wp\/v2\/pages"}],"about":[{"href":"https:\/\/sprawnydom.pl\/index.php\/wp-json\/wp\/v2\/types\/page"}],"author":[{"embeddable":true,"href":"https:\/\/sprawnydom.pl\/index.php\/wp-json\/wp\/v2\/users\/1"}],"replies":[{"embeddable":true,"href":"https:\/\/sprawnydom.pl\/index.php\/wp-json\/wp\/v2\/comments?post=9735"}],"version-history":[{"count":0,"href":"https:\/\/sprawnydom.pl\/index.php\/wp-json\/wp\/v2\/pages\/9735\/revisions"}],"wp:attachment":[{"href":"https:\/\/sprawnydom.pl\/index.php\/wp-json\/wp\/v2\/media?parent=9735"}],"curies":[{"name":"wp","href":"https:\/\/api.w.org\/{rel}","templated":true}]}}